?
False
Is 25 a factor of 4368772?
False
Does 519 divide 792147624?
True
Does 10 divide 46482060?
True
Is 995 a factor of 131391740?
True
Is 323 a factor of 50045297?
True
Is 3535 a factor of 732947382?
False
Is 633 a factor of 2338417405?
False
Does 154 divide 337374422?
True
Is 88065209 a multiple of 15?
False
Does 83 divide 147999956?
True
Is 15 a factor of 37241580?
True
Does 23 divide 86144614?
True
Is 30151385 a multiple of 43?
True
Is 5 a factor of 235958240?
True
Does 57 divide 38023800?
False
Is 149746476 a multiple of 4?
True
Is 2205348658 a multiple of 446?
False
Is 99 a factor of 190395513?
True
Does 88 divide 21073487?
False
Is 22 a factor of 3333395?
False
Does 4 divide 189590443?
False
Is 6856389375 a multiple of 121?
True
Does 1561 divide 34727567?
True
Does 11128 divide 202916096?
False
Is 28488177 a multiple of 1179?
True
Is 120 a factor of 24188040?
True
Does 392 divide 48627600?
True
Is 159 a factor of 2376704652?
True
Does 90 divide 10860534?
False
Is 148317 a multiple of 39?
True
Is 315 a factor of 30860899?
False
Does 4324 divide 865370829?
False
Does 399 divide 63925386?
True
Is 20328245 a multiple of 8?
False
Is 16 a factor of 440378382?
False
Is 576770080 a multiple of 437?
True
Does 34 divide 167387795?
False
Does 2139 divide 213326748?
True
Is 621588271 a multiple of 95?
False
Is 2570 a factor of 145410600?
True
Does 17 divide 13893007?
False
Is 43 a factor of 55765351?
False
Is 671622098 a multiple of 7?
True
Does 143 divide 15697570?
False
Is 65029500 a multiple of 100?
True
Is 85446387 a multiple of 9?
True
Is 10 a factor of 1092168120?
True
Does 203 divide 11185503?
True
Is 162873653 a multiple of 80?
False
Is 956 a factor of 5364815792?
True
Does 2000 divide 1854062386?
False
Is 369421294 a multiple of 38?
True
Is 6506940 a multiple of 22?
True
Does 208 divide 2100670804?
False
Does 2894 divide 1755335442?
True
Is 11422601 a multiple of 707?
False
Is 1288290860 a multiple of 146?
True
Is 150650183 a multiple of 155?
False
Does 195 divide 39726983?
False
Does 121 divide 6290548?
True
Is 275426850 a multiple of 2850?
True
Is 5994020524 a multiple of 29?
False
Is 16 a factor of 753635407?
False
Is 9 a factor of 686943170?
False
Is 6219176 a multiple of 808?
True
Is 11 a factor of 74562212?
False
Is 310 a factor of 1510543820?
True
Is 294259684 a multiple of 4?
True
Is 48542160 a multiple of 30?
True
Does 93 divide 62459927?
False
Is 8 a factor of 227438048?
True
Is 9377819 a multiple of 2?
False
Does 66 divide 66186450?
True
Is 233582054 a multiple of 77?
False
Is 2549383452 a multiple of 126?
True
Is 75 a factor of 30266400?
True
Is 12359510 a multiple of 5?
True
Is 32735162 a multiple of 358?
True
Is 2200165 a multiple of 3?
False
Is 83 a factor of 4564751?
True
Does 9 divide 329858163?
True
Does 5 divide 47766345?
True
Is 114853339 a multiple of 25?
False
Is 95694727 a multiple of 499?
True
Is 11410812 a multiple of 449?
False
Does 871 divide 288834099?
False
Is 2643498 a multiple of 858?
True
Is 344 a factor of 351175840?
True
Is 185 a factor of 590606950?
True
Does 2 divide 37297118?
True
Does 10 divide 27529050?
True
Is 98 a factor of 110614047?
False
Is 254818200 a multiple of 2366?
True
Is 417158646 a multiple of 323?
False
Is 2488745 a multiple of 26?
False
Is 1081 a factor of 2558548635?
True
Is 25841628 a multiple of 1226?
True
Is 22 a factor of 492894182?
True
Does 1357 divide 159032458?
False
Is 1172 a factor of 16320728?
False
Does 35 divide 946293215?
True
Does 232 divide 16123821?
False
Is 490 a factor of 1084852160?
True
Is 226070360 a multiple of 901?
False
Does 52 divide 23040212?
True
Is 124 a factor of 68440505?
False
Is 551 a factor of 302742839?
False
Is 1526017158 a multiple of 3141?
True
Does 31 divide 822864?
True
Is 5319583 a multiple of 748?
False
Is 870905010 a multiple of 310?
True
Is 1531762350 a multiple of 25?
True
Does 184 divide 14367456?
True
Does 2241 divide 5543073289?
False
Is 4977613 a multiple of 19?
False
Does 3160 divide 701908680?
True
Does 348 divide 100291146?
False
Is 1224670655 a multiple of 2015?
True
Is 144510741 a multiple of 31?
False
Does 956 divide 1367950815?
False
Does 6 divide 35424726?
True
Does 9 divide 1277521668?
True
Does 13 divide 4129085347?
False
Is 117894731 a multiple of 17?
False
Is 2230131164 a multiple of 823?
False
Does 24 divide 998591352?
True
Is 3751 a factor of 187693154?
False
Is 17 a factor of 116784866?
True
Is 16 a factor of 59781408?
True
Does 64 divide 158392960?
True
Does 56 divide 906837736?
True
Does 151 divide 139166281?
True
Is 553201185 a multiple of 485?
True
Is 292 a factor of 21237859?
False
Does 2069 divide 1818651?
True
Is 8408870 a multiple of 31?
False
Is 127 a factor of 571977647?
True
Is 19 a factor of 424177698?
True
Is 17165924 a multiple of 6?
False
Does 12 divide 873275772?
True
Is 26 a factor of 2715707505?
False
Is 2252 a factor of 707330680?
True
Is 1324653958 a multiple of 3053?
True
Does 23 divide 630379719?
False
Does 528 divide 49559664?
True
Does 212 divide 10365700?
False
Does 1530 divide 371465640?
True
Does 7 divide 3844034?
False
Is 26142036 a multiple of 4?
True
Is 980366712 a multiple of 19?
True
Is 433 a factor of 28801562?
False
Is 2805141 a multiple of 805?
False
Does 79 divide 456886191?
False
Is 2060685440 a multiple of 110?
True
Is 10 a factor of 5601940?
True
Is 2 a factor of 651058?
True
Does 1210 divide 47600190?
True
Does 42 divide 32842820?
False
Is 5425490889 a multiple of 2457?
True
Does 13 divide 10335819?
True
Does 16 divide 107900464?
True
Is 115512769 a multiple of 541?
False
Is 3 a factor of 76510422?
True
Is 3326639932 a multiple of 7?
True
Does 40 divide 904453240?
True
Does 13 divide 5618637?
False
Is 360155986 a multiple of 137?
False
Is 2866462560 a multiple of 31?
False
Is 46 a factor of 5679758?
True
Is 46 a factor of 24763502?
True
Is 3 a factor of 23419347?
True
Is 13 a factor of 74608735?
False
Does 1531 divide 5465458350?
False
Is 88 a factor of 861890079?
False
Is 9029467 a multiple of 137?
False
Is 102516798 a multiple of 174?
True
Is 193834698 a multiple of 366?
True
Is 473118660 a multiple of 801?
True
Does 952 divide 9020200?
True
Is 7356192 a multiple of 327?
True
Is 6 a factor of 30315882?
True
Does 2628 divide 2289809904?
False
Is 260780389 a multiple of 34?
False
Does 229 divide 30151719?
False
Is 390699576 a multiple of 18?
True
Does 22 divide 34058838?
True
Is 956 a factor of 99771028?
True
Does 4 divide 130098167?
False
Is 8083902 a multiple of 138?
True
Is 59854681 a multiple of 4998?
False
Does 4615 divide 227044155?
True
Is 504 a factor of 130558013?
False
Is 1613 a factor of 10282875?
True
Is 105183743 a multiple of 119?
True
Is 2954 a factor of 24028104?
False
Does 38 divide 8930114?
True
Is 63 a factor of 834995322?
True
Does 323 divide 30519576?
False
Is 155 a factor of 1125145775?
True
Does 3 divide 121015308?
True
Does 6404 divide 517565164?
False
Is 1751703 a multiple of 53?
True
Is 7 a factor of 3171896?
True
Is 440819928 a multiple of 139?
False
Is 567628722 a multiple of 54?
True
Does 639 divide 466469576?
False
Is 26 a factor of 776311874?
True
Does 539 divide 212368695?
True
Is 7066786 a multiple of 6?
False
Is 462958700 a multiple of 50?
True
Is 20188293 a multiple of 2?
False
Does 2372 divide 391759520?
True
Does 11 divide 38946787?
True
Is 243269735 a multiple of 191?
False
Is 265677717 a multiple of 10?
False
Is 36216060 a multiple of 60?
True
Is 86 a factor of 208901701?
False
Is 29475955 a multiple of 15?
False
Is 19439095 a multiple of 17?
False
Is 656488216 a multiple of 103?
True
Is 37654248 a multiple of 20?
False
Does 73 divide 10957918?
False
Is 1132 a factor of 24985148?
False
Is 816 a factor of 244898736?
True
Is 49889686 a multiple of 406?
True
Does 5457 divide 354246711?
False
Is 278375857 a multiple of 258?
False
Does 24 divide 6786624?
True
Does 1851 divide 655972490?
False
Does 219 divide 584239002?
True
Does 21 divide 6410759066?
False
Does 254 divide 871349794?
True
Is 229835356 a multiple of 755?
False
Does 641 divide 111234087?
False
Does 22 divide 5414728?
True
Is 3909 a factor of 286499137?
False
Is 978 a factor of 24256257?
False
Is 60 a factor of 75171960?
True
Is 408 a factor of 617465157?
False
Is 121 a factor of 